3, what is -794 - -4?
-790
In base 15, what is -3 - 1788?
-178b
In base 7, what is 3 + -65?
-62
In base 5, what is 1 - 122?
-121
In base 11, what is 17 + -105?
-99
In base 3, what is -100 - 111212?
-112012
In base 6, what is -14 + -234?
-252
In base 3, what is -12 - -1001?
212
In base 16, what is -3 - -1c1?
1be
In base 13, what is 36 + -12?
24
In base 4, what is -1 - -1002202?
1002201
In base 13, what is 0 + -3?
-3
In base 16, what is 27 - -f7?
11e
In base 5, what is -4 - -1324?
1320
In base 8, what is 0 + 307?
307
In base 6, what is -5 + -5503?
-5512
In base 14, what is -907b + 0?
-907b
In base 13, what is 5 - -88?
90
In base 13, what is -1 + 0?
-1
In base 11, what is 659 + 12?
670
In base 4, what is 11 + 301?
312
In base 3, what is 1 + 201200?
201201
In base 3, what is -10010 + 102?
-2201
In base 14, what is 4a - 8?
42
In base 3, what is -101 - 20?
-121
In base 16, what is 16 - 142?
-12c
In base 4, what is 1 + 223?
230
In base 8, what is 5 + 6426?
6433
In base 3, what is -10 + -1020?
-1100
In base 12, what is -251 - -3?
-24a
In base 2, what is -11 - 10001011?
-10001110
In base 8, what is -61 - 470?
-551
In base 7, what is 1302 - 2?
1300
In base 12, what is -3 - 436?
-439
In base 2, what is 1 - -101100001?
101100010
In base 12, what is 16 + -240?
-226
In base 6, what is 420 - -1?
421
In base 15, what is -1a + -9?
-24
In base 5, what is 0 - -1101?
1101
In base 2, what is -101 + -10?
-111
In base 2, what is 1001000 + 1000000?
10001000
In base 7, what is 0 + 1041?
1041
In base 8, what is 2 + 3465?
3467
In base 8, what is 613 - 5?
606
In base 9, what is 2 - 6?
-4
In base 6, what is 2114 + 2?
2120
In base 16, what is -40 - b?
-4b
In base 4, what is -3 - 1100300?
-1100303
In base 10, what is 29 - -562?
591
In base 14, what is -10 + 2?
-c
In base 5, what is 2 + 4302?
4304
In base 8, what is -3 - -237?
234
In base 11, what is -2a - -37?
8
In base 14, what is -d + 7?
-6
In base 16, what is 3 + -19?
-16
In base 14, what is 70 + 9?
79
In base 15, what is 11a - 7?
113
In base 8, what is -6 - -7110?
7102
In base 3, what is -112212120 - 2?
-112212122
In base 15, what is 2c - -41?
6d
In base 16, what is 1 - 3f4?
-3f3
In base 11, what is -1 - -13?
12
In base 3, what is -221 - 12?
-1010
In base 2, what is -111110 + -1?
-111111
In base 8, what is 26 + -346?
-320
In base 16, what is -23d - -2?
-23b
In base 14, what is a0 - 6?
98
In base 13, what is 5 + 11?
16
In base 5, what is 114 + -104?
10
In base 5, what is 1021 + 3?
1024
In base 6, what is -24 - 2?
-30
In base 3, what is 11 - -10212?
11000
In base 8, what is 23 + -154?
-131
In base 16, what is -5 + -14?
-19
In base 14, what is -a2 + -3?
-a5
In base 7, what is 5321 + -3?
5315
In base 15, what is 96 + -8b?
a
In base 3, what is -112 + -102?
-221
In base 3, what is 0 + -111?
-111
In base 11, what is -6 - 13?
-19
In base 3, what is -11 + -22200?
-22211
In base 2, what is -111101 - -111100?
-1
In base 5, what is 2 - -4111?
4113
In base 6, what is 3214 + -2?
3212
In base 14, what is 8 + -9?
-1
In base 12, what is -15 + -47?
-60
In base 2, what is -10 + 1100?
1010
In base 4, what is 1 - -1311?
1312
In base 13, what is 257 - -3?
25a
In base 6, what is -4 - 1000?
-1004
In base 15, what is -a7 + -2?
-a9
In base 13, what is -3 + 104?
101
In base 16, what is 29 + -17?
12
In base 3, what is 201101 + 2?
201110
In base 16, what is 373d + 5?
3742
In base 11, what is -130 - -9?
-122
In base 15, what is -3d - -b?
-32
In base 16, what is 13 - -1f?
32
In base 16, what is 2 - a12?
-a10
In base 2, what is 11100 + 0?
11100
In base 8, what is -10 - 230?
-240
In base 2, what is -110111 + 11111?
-11000
In base 14, what is -23 + -1?
-24
In base 15, what is 187 + -16?
171
In base 16, what is -102 - -4?
-fe
In base 2, what is -11001011001 - -11?
-11001010110
In base 2, what is -10001111010 - 10?
-10001111100
In base 5, what is -1 - 123043?
-123044
In base 6, what is -442 + -5?
-451
In base 2, what is -1011100110 - 100?
-1011101010
In base 7, what is -31 + -12?
-43
In base 3, what is -2 - -2112?
2110
In base 12, what is -5525 - -4?
-5521
In base 14, what is 1 - -7?
8
In base 14, what is 3 - 447?
-444
In base 10, what is -177 - -5?
-172
In base 13, what is -21 + -2?
-23
In base 10, what is -1755 - -1?
-1754
In base 11, what is -14992 + -1?
-14993
In base 14, what is -4 - 1d?
-23
In base 6, what is -20 - 11015?
-11035
In base 11, what is 58 - -25?
82
In base 12, what is 86a6 + 3?
86a9
In base 5, what is -1 + 200?
144
In base 9, what is 24 + 15?
40
In base 2, what is 10 - -10011?
10101
In base 3, what is 1010 + -112?
121
In base 8, what is 3 - -3365?
3370
In base 5, what is 12 + 0?
12
In base 10, what is 1 - 85?
-84
In base 16, what is 4 + 5?
9
In base 5, what is -420 + 2?
-413
In base 2, what is 110 - 101?
1
In base 11, what is 1 + 3?
4
In base 2, what is -11010101100011 - -1?
-11010101100010
In base 10, what is 1 + 403?
404
In base 5, what is 1 + -10413?
-10412
In base 16, what is 2 + 6b?
6d
In base 14, what is -2c - 5?
-33
In base 8, what is -121 - 1?
-122
In base 8, what is 174 + 6?
202
In base 13, what is -5 - bb?
-c3
In base 16, what is -4 + -c1f?
-c23
In base 16, what is -5 + -3cb?
-3d0
In base 9, what is 142 + -1?
141
In base 8, what is -107062 + 5?
-107055
In base 11, what is a6 - 7?
9a
In base 14, what is 6 + -39?
-33
In base 13, what is -21c4 - 3?
-21c7
In base 7, what is -12 + 141?
126
In base 11, what is 47 + -11?
36
In base 8, what is 72130 + 0?
72130
In base 14, what is 3 + -81d?
-81a
In base 15, what is 3 + 30?
33
In base 2, what is 1 - -1001010101?
1001010110
In base 11, what is 17 + -382?
-366
In base 7, what is 1 - 5320?
-5316
In base 14, what is b29 - -4?
b2d
In base 10, what is 314 + 0?
314
In base 7, what is -6 - -1051?
1042
In base 16, what is -61 - 2?
-63
In base 11, what is -151 - 0?
-151
In base 12, what is 107 + 4?
10b
In base 4, what is -1011 - -100?
-311
In base 12, what is -924 + 1?
-923
In base 14, what is -1 + d51?
d50
In base 12, what is 22b - 9?
222
In base 12, what is 82 - -1?
83
In base 2, what is 111 + -1000010101101?
-1000010100110
In base 5, what is -1032 + 10?
-1022
In base 6, what is 35 + -44?
-5
In base 2, what is -100 - -1110100111?
1110100011
In base 6, what is 0 + -1231?
-1231
In base 4, what is -10 - -112330?
112320
In base 16, what is 1 + -1e?
-1d
In base 5, what is -11 - -21312?
21301
In base 13, what is -6 - 7a0?
-7a6
In base 14, what is 0 + 986?
986
In base 3, what is -20021 - -11?
-20010
In base 2, what is 11010011 - -100?
11010111
In base 11, what is 4 - 13?
-a
In base 11, what is 2 - 1008?
-1006
In base 8, what is -752 + 3?
-747
In base 6, what is -2211 + -1?
-2212
In base 15, what is -1ae2 - -3?
-1ade
In base 4, what is 2212 - -21?
2233
In base 5, what is 3 + -330?
-322
In base 2, what is -101 - -1111110?
1111001
In base 13, what is -4 - 141?
-145
In base 3, what is -1202 + -11?
-1220
In base 13, what is -14 - -270?
259
In base 10, what is 143 + 4?
147
In base 2, what is 1 - 110001?
-110000
In base 11, what is 22 - 3?
1a
In base 5, what is -1222 + -1?
-1223
In base 3, what is -11122122 + -1?
-11122200
In base 15, what is -135 - 9?
-13e
In base 9, what is 126 - -44?
171
In base 10, what is -6 + -484?
-490
In base 13, what is 4 - aa?
-a6
In base 11, what is 0 + -32?
-32
In base 14, what is a59 - -4?
a5d
In base 6, what is -31022 - 2?
-31024
In base 9, what is 0 + -177?
-177
In base 6, what is -1154 - -14?
-1140
In base 9, what is -3 + -4825?
-4828
In base 15, what is 3e + 10?
4e
In base 9, what is -5175 + -4?
-5180
In base 5, what is 243 - -400?
1143
In base 15, what is -2a2 + a?
-297
In base 14, what is -2 - 615?
-617
In base 4, what is -3332 - -30?
-3302
In base 15, what is -2 + -24a?
-24c
In base 2, what is -100 + -1000100000111?
-1000100001011
In base 12, what is 54 + 29?
81
In base 4, what is -133 - 1130?
-1323
In base 5, what is -112 - -124?
12
In base 15, what is 1a + 0?
1a
In base 8, what is -6 - -24?
16
In base 10, what is -403 + -10?
-413
In base 13, what is -1 - 99?
-9a
In base 14, what is -975 - 1?
-976
In base 13, what is 4 - 3b?
-37
In base 11, what is -4 - 15?
-19
In base 8, what is -3 + -43?
-46
In base 2, what is -10 + -10001000110?
-10001001000
In base 11, what is 992 + -4?
989
In base 8, what is 27774 - 4?
27770
In base 3, what is 101202 + 0?
101202
In base 12, wha